ase 14, what is 237576 + b3?
237649
In base 14, what is 4d7 + -249a?
-1da3
In base 3, what is 2 - 11122202201200?
-11122202201121
In base 15, what is 93de - 51?
938d
In base 5, what is -304302340 - -203?
-304302132
In base 15, what is -39d - -31e4?
2d46
In base 16, what is 2cd - 7223?
-6f56
In base 12, what is -16 + 920ab?
92095
In base 12, what is 229 - -915?
b42
In base 11, what is 4 - -120a2911?
120a2915
In base 5, what is -1004440212 - -24?
-1004440133
In base 13, what is b7200b + 22?
b72030
In base 10, what is 2243 - 114402?
-112159
In base 12, what is -a82 + a068?
91a6
In base 14, what is -b + 4a5ccd?
4a5cc2
In base 12, what is -61411 + 178?
-61255
In base 6, what is -105541434 + -4?
-105541442
In base 10, what is 3 + -88193065?
-88193062
In base 7, what is 0 - -164056515?
164056515
In base 10, what is -4 + -17089332?
-17089336
In base 10, what is 180 + -935162?
-934982
In base 12, what is -7ab + -1a34a8?
-1a4097
In base 15, what is -4 + 1b34b4?
1b34b0
In base 10, what is -245354 - 272?
-245626
In base 2, what is -11001101111111111001010111 + -11?
-11001101111111111001011010
In base 9, what is -8 - 16278063?
-16278072
In base 9, what is 2623514 + 38?
2623553
In base 15, what is -14 + -a04ca?
-a04de
In base 15, what is -1 + -78dca76?
-78dca77
In base 13, what is 1895c - -88?
18a17
In base 5, what is 320122020 + 1?
320122021
In base 8, what is -2270 + -151513?
-154003
In base 11, what is -1 - 15a23263?
-15a23264
In base 15, what is -8 - 1d93159?
-1d93162
In base 2, what is -1001000011101 - -100010000110?
-100110010111
In base 5, what is 214432 + 2002?
221434
In base 16, what is 8 - 2c5a80?
-2c5a78
In base 3, what is -1212 - 222220210201121?
-222220210210110
In base 7, what is 3 - -243406323?
243406326
In base 9, what is 70513 - 4586?
64816
In base 3, what is 20 + 201012010211210?
201012010212000
In base 11, what is -4 + 227a7999?
227a7995
In base 15, what is -1e6 - 1d980?
-1db76
In base 4, what is 1202202201 + -20?
1202202121
In base 16, what is -97 + -15c3f?
-15cd6
In base 15, what is -5e92 - -ca?
-5db7
In base 15, what is -11 + 41b17?
41b06
In base 5, what is 3104214221 + -1?
3104214220
In base 2, what is 10000110111100111 + 100101101?
10000111100010100
In base 7, what is 34055154 - 3?
34055151
In base 2, what is 101 + -1011000000001101010?
-1011000000001100101
In base 14, what is 8d7 + 54601?
550d8
In base 16, what is -93 - -1055ba?
105527
In base 12, what is -274 - 4a6b?
-5123
In base 16, what is 2 + 2d2fc7?
2d2fc9
In base 9, what is 10016161 + 1?
10016162
In base 11, what is 664768 + 591?
665249
In base 3, what is 21 + 2220202202?
2220210000
In base 6, what is -3453 + 23130?
15233
In base 3, what is 10 + -110100000122220112?
-110100000122220102
In base 3, what is -111222211121220 + -1?
-111222211121221
In base 16, what is e09dafa - -4?
e09dafe
In base 11, what is 13675 + -60a?
13066
In base 9, what is 3871063 - 117?
3870845
In base 16, what is 8e1c + -3be?
8a5e
In base 6, what is 541013203 + -22?
541013141
In base 10, what is -120 - -200480?
200360
In base 6, what is -150 + 145453?
145303
In base 6, what is 234502452 + 1?
234502453
In base 15, what is -3 - -284dd03?
284dd00
In base 14, what is -1212ac - 3?
-1212b1
In base 6, what is 2011443 + -21?
2011422
In base 7, what is -3112 - 5012?
-11124
In base 2, what is 101111010100000001101110 - 101?
101111010100000001101001
In base 5, what is -1 - -123132100?
123132044
In base 5, what is 202314 + -3040044?
-2332230
In base 2, what is 1101110001100100000000 + 100?
1101110001100100000100
In base 14, what is -2 + 22611d55?
22611d53
In base 3, what is -101221210111020 + -10222?
-101221210122012
In base 15, what is 5 + -2b707c?
-2b7077
In base 4, what is 21311310 - -210221?
22122131
In base 9, what is -14 + -4287027?
-4287042
In base 8, what is 11320244 + -1?
11320243
In base 4, what is 23 + 11232130302?
11232130331
In base 4, what is 202203103300 + 3?
202203103303
In base 8, what is 142 + 30031?
30173
In base 4, what is 133 - 232312133?
-232312000
In base 4, what is 302122 - 111103?
131013
In base 6, what is 232542515 - -512?
232543431
In base 2, what is -110010000110101110 - 110010010?
-110010001101000000
In base 14, what is b + b63d?
b64a
In base 2, what is -1111100100001 - -10011001100001011?
10001001111101010
In base 4, what is 3032 - 300322312?
-300313220
In base 8, what is -7 - 6175550?
-6175557
In base 11, what is 169a13 - -134?
16a047
In base 13, what is 1 + -3981186?
-3981185
In base 9, what is -14 + 21714221?
21714206
In base 11, what is 42a8 - -5830?
a028
In base 3, what is -10100210201000 - 221?
-10100210201221
In base 8, what is -771576211 + 1?
-771576210
In base 11, what is -34448 + -5a8?
-34a45
In base 11, what is -575 - -a973?
a3a9
In base 14, what is -3 - -bda47?
bda44
In base 12, what is -147 + -22758b?
-227716
In base 12, what is 2 - b3137b4?
-b3137b2
In base 6, what is -121221005 - 152?
-121221201
In base 14, what is -790dd02 - -1?
-790dd01
In base 12, what is -201012a + -1?
-201012b
In base 4, what is -32302001132 + 2?
-32302001130
In base 2, what is -111100011110111001100100 + -1010?
-111100011110111001101110
In base 16, what is 5a - -50df?
5139
In base 5, what is 21212 - 14312031?
-14240314
In base 13, what is -4919 + 1c8b?
-295b
In base 11, what is 13844 + 2aa?
14043
In base 11, what is 19080a1 - 4?
1908098
In base 16, what is 1c2 - 19157?
-18f95
In base 8, what is 4 + 61362046?
61362052
In base 15, what is 3d2 - 23000?
-22b1d
In base 10, what is -52 + 3191406?
3191354
In base 12, what is -106bb6 - 3?
-106bb9
In base 10, what is 148684 - -18?
148702
In base 5, what is 120443024 + 24?
120443103
In base 9, what is 3 - -14231704?
14231707
In base 5, what is -30241 + -40130?
-120421
In base 9, what is 87625 + -1745?
85770
In base 2, what is -10000000111 + -1000100110011101010?
-1000101000011110001
In base 7, what is -4163 + 462645?
455452
In base 3, what is -1211222 - 2002212100?
-2011201022
In base 13, what is 8445b1 - -5?
8445b6
In base 8, what is -1335565 - 712?
-1336477
In base 11, what is -3 - 38890608?
-38890610
In base 11, what is 9aa - 1a212?
-19313
In base 11, what is -18 - -30948a3?
3094886
In base 10, what is -31053 - 11718?
-42771
In base 4, what is 3310223 + 213330?
10130213
In base 5, what is 1140 + 113143300?
113144440
In base 7, what is -5 + 12061120?
12061112
In base 14, what is 8 - -c053d9?
c05403
In base 3, what is -22010 - 121001201102?
-121002000112
In base 11, what is 2023 - 22a85?
-20a62
In base 14, what is 2d662a - -4d?
2d6679
In base 4, what is -11221312 + 133023?
-11022223
In base 7, what is 4054060 + -202?
4053555
In base 2, what is -1010010101001000011010000 + -100?
-1010010101001000011010100
In base 10, what is 142 + -37734?
-37592
In base 8, what is -665 + 2300666?
2300001
In base 6, what is 4014 + 2113443?
2121501
In base 16, what is -5 - -60e0ff?
60e0fa
In base 5, what is 13032 + -224140?
-211103
In base 3, what is 1110102 + -21210210?
-20100101
In base 14, what is -5 + -64cc69?
-64cc70
In base 6, what is 53155255 + 11?
53155310
In base 11, what is -15014379 - 2?
-15014380
In base 5, what is -3 - 2421303312?
-2421303320
In base 5, what is -1143204212 - -442?
-1143203220
In base 12, what is -38171 + 2280?
-35ab1
In base 16, what is -300a5 - 8b?
-30130
In base 5, what is -104233 + -22410?
-132143
In base 13, what is 9 - -3a825?
3a831
In base 2, what is -110 - -10000110011101110101011?
10000110011101110100101
In base 13, what is -b65599 + -76?
-b65642
In base 7, what is -20433 + 2?
-20431
In base 9, what is 45 + 4223118?
4223164
In base 5, what is -1403 - -1311203?
1304300
In base 12, what is b26 - 478?
66a
In base 4, what is 2 - 1032121113?
-1032121111
In base 10, what is -26 + -1901041?
-1901067
In base 11, what is 499631a - 2?
4996318
In base 7, what is 3061 - 352625?
-346534
In base 6, what is -21450 + 102134?
40244
In base 4, what is -302102300213032 - -1?
-302102300213031
In base 8, what is 7322 + 135356?
144700
In base 4, what is 1023 - -122012320?
122020003
In base 10, what is 4 - 29191544?
-29191540
In base 9, what is -2 + -53322?
-53324
In base 15, what is -2cd - 440d?
-46db
In base 16, what is 10c99 - -50?
10ce9
In base 16, what is 2034 - 23d?
1df7
In base 5, what is 22314423 - -141?
22320114
In base 3, what is 10010102010 + 1222